 Let m(u) = -u**3 + 6*u**2 - u + 2. Determine m(h).
-4
Let z(c) = 426*c + 111. Let k(x) = -291*x - 76. Let m(n) = -41*k(n) - 28*z(n). Let v = 3 - 9. Give m(v).
-10
Let w be (-153)/(-9) - (5 - -3). Let u(k) = -w + 12*k + 4*k + 9*k - 24*k. What is u(20)?
11
Suppose -2*o = -0*o - 4. Let z(t) = -t - 86 - 2*t - t**3 - 95 + 5*t**2 + 268 - 91. Calculate z(o).
2
Let j(u) = 4*u**3 - 85*u**2 + 20*u + 26. Let o be j(21). Let h(l) be the second derivative of l**3/6 + 3*l**2/2 - 71*l. Determine h(o).
8
Let f be 4136/(-235) + 35 + ((-3)/(-5) - 1). Let u(q) = -2*q + 61. Calculate u(f).
27
Let o(f) be the third derivative of -f**2 - 120 + 1/2*f**3 + 0*f - 1/24*f**4. Give o(-7).
10
Let p(i) = 20*i + 20. Suppose -14*w - 24*w + 28*w - 20 = 0. Calculate p(w).
-20
Let f(n) be the third derivative of n**6/120 + n**5/10 - n**4/12 - 3*n**3/2 + 77*n**2. What is f(-6)?
3
Let i = -18 - -39. Suppose 5*n - 3*o = o + 18, 0 = -n - 5*o + i. Let j(t) be the first derivative of t**2/2 - 3*t - 2566. Give j(n).
3
Let v(g) be the first derivative of 0*g**2 + 1/120*g**5 + 4*g**3 + 0*g - 21 - 11/24*g**4. Let x(o) be the third derivative of v(o). Give x(0).
-11
Suppose 149 + 342 = -17*b + 49. Let i(r) = -r**3 - 26*r**2 + 3*r + 92. Give i(b).
14
Let b(j) be the third derivative of -j**6/120 + j**5/60 - j**4/8 + j**3/3 - 1463*j**2. What is b(2)?
-8
Let a(n) be the first derivative of 2*n**3/3 + 6*n**2 + 12*n + 281. Calculate a(-5).
2
Let u(p) = -4*p**3 + 2*p**2 - p. Let c(t) be the second derivative of -t**4/12 - 13*t**3/6 - 5*t**2 + 128*t. Let l be c(-12). Determine u(l).
-26
Suppose 2*n = -p + 7 + 1, -p = -4*n + 10. Suppose n*y - 40 = 8*y. Let z(l) = 5*l - 21. Let o(i) = -18*i + 70. Let x(v) = -2*o(v) - 7*z(v). What is x(y)?
-1
Let j(r) be the first derivative of 3*r**4/4 + 10*r**3 - r**2 - 26*r - 1376. What is j(-10)?
-6
Let l(h) = h**2 - 10*h + 11. Suppose 10*i - 13*i = 2*g - 209, -g = -3*i + 215. Let b be 4/(-28) - i/(-7). Determine l(b).
11
Let i = -864 + 857. Let n(m) = m**2 + 11*m - 1. Let x(c) = -c**2 - 12*c + 1. Let f(t) = 3*n(t) + 2*x(t). Give f(i).
-15
Let s be ((-10)/22*-11)/(-1). Let o(i) = -i + 15. What is o(s)?
20
Let o(j) = j**3 + 6*j**2 - 2*j + 24. Suppose 1388*f - 98 = 1402*f. What is o(f)?
-11
Suppose 3*f = -3*y - 3, 0 = y - 5*f - 4 - 7. Let a(x) be the second derivative of -9*x**5/20 - x**3/6 + x**2 - 11139*x. What is a(y)?
-8
Let x(t) be the second derivative of t**3/3 + 3*t**2/2 - t. Let d(z) = z**3 - 8*z**2 - 30*z - 25. Let b be d(-2). What is x(b)?
-7
Let c(k) = -k**3 - 31*k + 2954*k**2 + 2*k**3 - 2941*k**2 - 16. Give c(-15).
-1
Suppose 0 = 4*u - 11 + 3. Let t be (-5)/2*-2 - (4 - u). Let q(y) = 7*y + t - 6*y - 6. Determine q(10).
7
Let p(v) = -v**2 - 4. Suppose 16*w + 32 = 14*w. Let o = w + 13. Let u be 0*(10/(-4) - o). Calculate p(u).
-4
Let v(g) = -g + 22. Let o be v(17). Let h(p) = -o*p - 9 + 430*p**2 - 436*p**2 - p - p**3. Calculate h(-5).
-4
Let a(k) = 4*k**2 + 29*k - 63. Let t be (-7876)/(-4117) - 2/(-23). Determine a(t).
11
Let s(d) = 518*d - 520*d + 5*d**2 - 10 - 6*d**2. Suppose 0 = -2*g - g. What is s(g)?
-10
Suppose 0*k + 3 = -k. Let o(b) be the second derivative of b**4/12 - b**2 - 2228*b. Give o(k).
7
Let h(o) = -o**3 + 12*o**2 + 13*o - 8. Let p be (26/8)/(15/60). Determine h(p).
-8
Let l(w) = -w**2 + 6*w - w - 6 - 4*w + 8*w. Let m be 12 + 30/(-7) + 18/63. Determine l(m).
2
Let m(z) = 4*z + 3. Suppose 3*v + 58 + 32 = 0. Let o = 37 + v. Let w be ((-1)/3)/(2/126*o). Give m(w).
-9
Let i(a) be the third derivative of a**6/120 - 11*a**5/60 + 2*a**4/3 - 19*a**3/6 + 11529*a**2. What is i(8)?
-83
Let o(c) = 180*c + 466. Let x(q) = 111*q + 311. Let g(w) = 5*o(w) - 8*x(w). Determine g(13).
-2
Let h(q) = q**3 - 9*q**2 - 9*q - 7. Let x = -106 - -111. Suppose -3*l + 5*i = 3*i - 38, -x*l = -i - 54. Determine h(l).
3
Let x(n) = 13*n + 5*n**2 - 12 - 7*n - 6*n**2 - 19*n. Determine x(-8).
28
Let t(r) = 15*r - 1. Let o(z) = 58*z - 6. Let p(l) = 2*o(l) - 9*t(l). Calculate p(-2).
35
Let t(h) = 2*h**3 - 14*h**2 + 8*h - 4. Let u = -14029 + 14034. Give t(u).
-64
Let m(i) = -15*i + 697. Let a be m(46). Let t(g) = -6*g + 13. What is t(a)?
-29
Let p(v) = v**2 - 13*v + 1. Let m(o) = -4*o**2 + 64*o - 23. Let u(t) = m(t) + 5*p(t). Determine u(-5).
12
Let a(y) be the first derivative of -y**4/4 - 5*y**3/3 + y**2 + 3. Suppose 34*k - 12 = 36*k + q, -7*k - 5*q = 45. Determine a(k).
-10
Let m = -11 + 13. Let c(w) = 3*w - 2 - 2*w**2 + w**3 + w**2 - m*w**3. Suppose 0 = -52*d + 64*d - 24. Give c(d).
-8
Let a(g) be the first derivative of -g**3/3 - 6*g**2 + 21*g - 1061. What is a(-12)?
21
Let k(d) = d**2 + 15*d + 47. Let a = -2109 + 2097. Determine k(a).
11
Let h(k) = -k + 2 - 6 - 2. Let w(p) = -p**2 - 332*p - 27391. Let r be w(-179). Calculate h(r).
-2
Let b be (-242)/5 - ((-12)/15)/2. Let z = b - -50. Let x(k) = 15*k**2 - 2 + 3*k - 8*k**z - 8*k**2 - k**3. Determine x(-3).
7
Let z(h) = -12*h - 11. Let q = -401 + 396. Calculate z(q).
49
Let n(p) = 0*p**2 + p**2 + 2*p + 3*p**2 - 5*p**2 - p**3. Let x(t) = -5*t**3 - 6*t**2 + 14*t + 2. Let c(d) = -6*n(d) + x(d). Calculate c(-3).
-31
Let t(h) = -h**2 + 20*h - 39. Let p(g) = 1987*g + 2001. Let n be p(-1). What is t(n)?
45
Let n = 3034 + -3036. Let r(u) = 6*u**3 + 3*u**2 + u + 1. Determine r(n).
-37
Let t(p) = -3*p**2 - 2*p - 17. Let i(s) = -5*s**2 - 5*s - 35. Let y(c) = 4*i(c) - 7*t(c). Let d(f) = 2*f**2 - 17*f - 1. Let w be d(9). Determine y(w).
-5
Suppose -15*v + 19*v = 8. Suppose -3*d + 3*d = v*d. Let n be 5*((-9)/15 + (0 - d)). Let s(p) = -p**2 + p + 1. Determine s(n).
-11
Let z(t) be the third derivative of -t**5/60 + 11*t**4/24 + t**3/3 - 2*t**2. Suppose -p = -2*f + 3, -122*f = -118*f - 28. Calculate z(p).
2
Let y(v) = 17*v**2 - 100*v + 32. Let r(l) = -8*l**2 + 47*l - 17. Let b(t) = 9*r(t) + 4*y(t). Calculate b(5).
-10
Let s(t) = -t**2 + 20*t + 39. Suppose -6*b + 1057 = 1069. Determine s(b).
-5
Let t(x) be the first derivative of 2*x**2 + 18*x - 5863. Determine t(-13).
-34
Let z(x) be the third derivative of -x**5/60 - x**4/3 + 23*x**3/6 + 312*x**2. Calculate z(6).
-61
Suppose 0 = -3*u + z + 770, 2*z = -5*u - 662 + 1960. Let n = 176 - u. Let p = 90 + n. Let l(m) = m + 1. Determine l(p).
9
Let g = -5809 + 5815. Let p(a) = 5*a + 16. Calculate p(g).
46
Let s(i) = 2*i - i - 3*i - 12063 + 12091. Determine s(7).
14
Let m be 5*(-3)/9*-3. Let r(b) = -m - 2*b + 0*b + 3*b. Let q be 306/62 + 78/1209. What is r(q)?
0
Let u(x) = -17344 + 8667 + 26*x + 8670. What is u(0)?
-7
Let s(o) = 6*o - 2. Let c = 236 + -245. Let u be (6 + 17/(-3))*(-3 - c). Determine s(u).
10
Let k(c) be the second derivative of c**5/20 - 5*c**4/6 - 5*c**3/3 + 15*c**2/2 + 47*c - 10. What is k(11)?
26
Let p be 0 - 3 - (-2 + -6). Suppose -2*f - 2*t + 4 = 0, 4*t - 1 + 20 = p*f. Suppose -4*m = f - 31. Let q(n) = -n**2 + 6*n + 4. Calculate q(m).
-3
Suppose -21 + 8 = 4*u + 3*t, -4*t - 12 = 0. Let c(l) = -6 - 2*l**2 - 42957*l + 42957*l + 3*l**2 - 7*l**3 + 5. Determine c(u).
7
Let l(z) = z - 17. Let j(q) = -2*q + 15. Let x(t) = -5*j(t) - 6*l(t). Let p(u) = -4*u - 31. Let o(g) = -6*p(g) - 7*x(g). Let w = -1 + -2. Calculate o(w).
9
Let m = 115 - 128. Let b be (14 + m)/((-2)/(-4)). Let l(i) = -i**3 + 4*i**2. Determine l(b).
8
Let h(u) be the third derivative of 11*u**2 + 0 + 0*u + 1/6*u**3 + 7/24*u**4. Give h(-1).
-6
Let t(n) = 2*n - 8. Let k(c) = -3*c**2 + 271*c + 195. Let f be k(91). Give t(f).
18
Let m(g) = -3*g**2 + 3*g + 1. Let j = -469 + 160. Let y = j - -312. Determine m(y).
-17
Let w(z) = -25*z + 1471. Let d be w(59). Let c(o) = -8*o**2 - 33*o - 4. What is c(d)?
0
Let j(d) = -72*d**3 - 9*d**2 + 143*d**3 + 8 - 72*d**3. Let o(u) = 2*u**3 + 19*u**2 - 16. Let b(n) = 5*j(n) + 2*o(n). Calculate b(-7).
8
Let x(c) = -14*c - 2 + 1 + 0. Let g(k) = 58*k - 36*k - 29*k + k**2 - 1 - k**3. Let i be g(0). Calculate x(i).
13
Let l = -3000 + 3002. Suppose -2*s + 3*s + 3 = 5*a, -4*s - 4*a = -12. Let i(y) = -3 + 5 + 4*y - 6*y + 5*y**s. Calculate i(l).
18
Let g(h) = -13*h - 12*h - 50 - 19 + 4*h + 2. Let q(y) = -5*y - 16. Let d(j) = -2*g(j) + 9*q(j). Calculate d(-7).
11
Let k(b) = -5*b**3 + 3*b**3 - 7*b**2 + 116*b + b**2 - 120*b - 3. Calculate k(-2).
-3
Suppose -19*t = -27*t - 56. Let s(n) be the first derivative of -n**3/3 - 5*n**2/2 + 3*n - 314. Calculate s(t).
-11
Let i(s) = 11*s - 1. Let c(z) 